{"id":51,"date":"2020-07-27T11:49:35","date_gmt":"2020-07-27T11:49:35","guid":{"rendered":"https:\/\/www.sanifarma.com\/farmacias\/?page_id=51"},"modified":"2024-02-29T17:06:25","modified_gmt":"2024-02-29T17:06:25","slug":"valores-grupo-sanifarma","status":"publish","type":"page","link":"https:\/\/www.sanifarma.com\/farmacias\/valores-grupo-sanifarma\/","title":{"rendered":"Valores"},"content":{"rendered":"<h1>Valores<\/h1>\n<h3>Unidad<\/h3>\n<p>Creemos que <strong>juntos somos m\u00e1s rentables<\/strong>, m\u00e1s competitivos y obtenemos mejores resultados.<\/p>\n<h3>Diversidad<\/h3>\n<p>Somos un <strong>grupo heterog\u00e9neo<\/strong> y transparente. El grupo aporta a TODAS las farmacias y viceversa.<\/p>\n<h3>Libertad<\/h3>\n<p><strong>No hay ataduras ni obligaciones<\/strong>. Cada farmacia compra de acuerdo a su potencial y su entorno y utiliza aquellos servicios que necesita.<\/p>\n<h3>Compromiso<\/h3>\n<p>Las farmacias Sanifarma est\u00e1n <strong>comprometidas por convicci\u00f3n<\/strong>, no por imposici\u00f3n.<\/p>\n<h3>Exclusividad<\/h3>\n<p>Las farmacias Sanifarma son \u00fanicas, est\u00e1n basadas en la profesionalizaci\u00f3n y cuentan con <strong>exclusividad de zona<\/strong>.<\/p>\n<h3>Colaboraci\u00f3n<\/h3>\n<p>Somos compa\u00f1eros y <strong>compartimos<\/strong> entre nosotros las mejores pr\u00e1cticas (Mejora Continua).<\/p>\n","protected":false},"excerpt":{"rendered":"<p>Valores Unidad Creemos que juntos somos m\u00e1s rentables, m\u00e1s competitivos y obtenemos mejores resultados. Diversidad Somos un grupo heterog\u00e9neo y transparente. El grupo aporta a TODAS las farmacias y viceversa. Libertad No hay ataduras ni obligaciones. Cada farmacia compra de acuerdo a su potencial y su entorno y utiliza aquellos servicios que necesita. Compromiso Las [&hellip;]<\/p>\n","protected":false},"author":1,"featured_media":0,"parent":0,"menu_order":3,"comment_status":"closed","ping_status":"closed","template":"","meta":{"footnotes":""},"class_list":["post-51","page","type-page","status-publish","hentry"],"_links":{"self":[{"href":"https:\/\/www.sanifarma.com\/farmacias\/wp-json\/wp\/v2\/pages\/51","targetHints":{"allow":["GET"]}}],"collection":[{"href":"https:\/\/www.sanifarma.com\/farmacias\/wp-json\/wp\/v2\/pages"}],"about":[{"href":"https:\/\/www.sanifarma.com\/farmacias\/wp-json\/wp\/v2\/types\/page"}],"author":[{"embeddable":true,"href":"https:\/\/www.sanifarma.com\/farmacias\/wp-json\/wp\/v2\/users\/1"}],"replies":[{"embeddable":true,"href":"https:\/\/www.sanifarma.com\/farmacias\/wp-json\/wp\/v2\/comments?post=51"}],"version-history":[{"count":5,"href":"https:\/\/www.sanifarma.com\/farmacias\/wp-json\/wp\/v2\/pages\/51\/revisions"}],"predecessor-version":[{"id":698,"href":"https:\/\/www.sanifarma.com\/farmacias\/wp-json\/wp\/v2\/pages\/51\/revisions\/698"}],"wp:attachment":[{"href":"https:\/\/www.sanifarma.com\/farmacias\/wp-json\/wp\/v2\/media?parent=51"}],"curies":[{"name":"wp","href":"https:\/\/api.w.org\/{rel}","templated":true}]}}